{"version":"1.0","provider_name":"Salon de la fili\u00e8re Silver \u00e9conomie et Assises Silver Eco Bien-Vieillir","provider_url":"https:\/\/www.silvereco.org\/festival\/fr","title":"PLF Services \u00ab\u00a0La Manodette\u00a0\u00bb - Salon de la fili\u00e8re Silver \u00e9conomie et Assises Silver Eco Bien-Vieillir","type":"rich","width":600,"height":338,"html":"<blockquote class=\"wp-embedded-content\" data-secret=\"JcIS9zJ2gN\"><a href=\"https:\/\/www.silvereco.org\/festival\/fr\/t25-2-3\/\">PLF Services \u00ab\u00a0La Manodette\u00a0\u00bb<\/a><\/blockquote><iframe sandbox=\"allow-scripts\" security=\"restricted\" src=\"https:\/\/www.silvereco.org\/festival\/fr\/t25-2-3\/embed\/#?secret=JcIS9zJ2gN\" width=\"600\" height=\"338\" title=\"\u00ab\u00a0PLF Services \u00ab\u00a0La Manodette\u00a0\u00bb\u00a0\u00bb &#8212; Salon de la fili\u00e8re Silver \u00e9conomie et Assises Silver Eco Bien-Vieillir\" data-secret=\"JcIS9zJ2gN\" frameborder=\"0\" marginwidth=\"0\" marginheight=\"0\" scrolling=\"no\" class=\"wp-embedded-content\"><\/iframe><script>\n\/*! This file is auto-generated *\/\n!function(d,l){\"use strict\";l.querySelector&&d.addEventListener&&\"undefined\"!=typeof URL&&(d.wp=d.wp||{},d.wp.receiveEmbedMessage||(d.wp.receiveEmbedMessage=function(e){var t=e.data;if((t||t.secret||t.message||t.value)&&!\/[^a-zA-Z0-9]\/.test(t.secret)){for(var s,r,n,a=l.querySelectorAll('iframe[data-secret=\"'+t.secret+'\"]'),o=l.querySelectorAll('blockquote[data-secret=\"'+t.secret+'\"]'),c=new RegExp(\"^https?:$\",\"i\"),i=0;i<o.length;i++)o[i].style.display=\"none\";for(i=0;i<a.length;i++)s=a[i],e.source===s.contentWindow&&(s.removeAttribute(\"style\"),\"height\"===t.message?(1e3<(r=parseInt(t.value,10))?r=1e3:~~r<200&&(r=200),s.height=r):\"link\"===t.message&&(r=new URL(s.getAttribute(\"src\")),n=new URL(t.value),c.test(n.protocol))&&n.host===r.host&&l.activeElement===s&&(d.top.location.href=t.value))}},d.addEventListener(\"message\",d.wp.receiveEmbedMessage,!1),l.addEventListener(\"DOMContentLoaded\",function(){for(var e,t,s=l.querySelectorAll(\"iframe.wp-embedded-content\"),r=0;r<s.length;r++)(t=(e=s[r]).getAttribute(\"data-secret\"))||(t=Math.random().toString(36).substring(2,12),e.src+=\"#?secret=\"+t,e.setAttribute(\"data-secret\",t)),e.contentWindow.postMessage({message:\"ready\",secret:t},\"*\")},!1)))}(window,document);\n\/\/# sourceURL=https:\/\/www.silvereco.org\/festival\/fr\/wp-includes\/js\/wp-embed.min.js\n<\/script>\n","description":"PLF Services \u00ab&nbsp;La Manodette&nbsp;\u00bb Nomin\u00e9 dans la cat\u00e9gorie : Aide aux aidants Le r\u00e9sum\u00e9 du dossier de candidature : BIEN VIEILLIR CHEZ SOI Face \u00e0 la double transition d\u00e9mographique et soci\u00e9tale, l\u2019accompagnement des personnes \u00e2g\u00e9es et des adultes en situation de handicap vieillissants constitue un enjeu majeur pour les politiques publiques. Le centre La Manodette [&hellip;]","thumbnail_url":"https:\/\/www.silvereco.org\/festival\/fr\/wp-content\/medias\/2025\/07\/La-Manodette.jpg","thumbnail_width":433,"thumbnail_height":472}

Salon de la filière Silver économie et Assises Silver Eco Bien-Vieillir

PLF Services « La Manodette » - Salon de la filière Silver économie et Assises Silver Eco Bien-Vieillir

<blockquote class="wp-embedded-content" data-secret="JcIS9zJ2gN"><a href="https://www.silvereco.org/festival/fr/t25-2-3/">PLF Services « La Manodette »</a></blockquote><iframe sandbox="allow-scripts" security="restricted" src="https://www.silvereco.org/festival/fr/t25-2-3/embed/#?secret=JcIS9zJ2gN" width="600" height="338" title="« PLF Services « La Manodette » » &#8212; Salon de la filière Silver économie et Assises Silver Eco Bien-Vieillir" data-secret="JcIS9zJ2gN" frameborder="0" marginwidth="0" marginheight="0" scrolling="no" class="wp-embedded-content"></iframe><script>
/*! This file is auto-generated */
!function(d,l){"use strict";l.querySelector&&d.addEventListener&&"undefined"!=typeof URL&&(d.wp=d.wp||{},d.wp.receiveEmbedMessage||(d.wp.receiveEmbedMessage=function(e){var t=e.data;if((t||t.secret||t.message||t.value)&&!/[^a-zA-Z0-9]/.test(t.secret)){for(var s,r,n,a=l.querySelectorAll('iframe[data-secret="'+t.secret+'"]'),o=l.querySelectorAll('blockquote[data-secret="'+t.secret+'"]'),c=new RegExp("^https?:$","i"),i=0;i<o.length;i++)o[i].style.display="none";for(i=0;i<a.length;i++)s=a[i],e.source===s.contentWindow&&(s.removeAttribute("style"),"height"===t.message?(1e3<(r=parseInt(t.value,10))?r=1e3:~~r<200&&(r=200),s.height=r):"link"===t.message&&(r=new URL(s.getAttribute("src")),n=new URL(t.value),c.test(n.protocol))&&n.host===r.host&&l.activeElement===s&&(d.top.location.href=t.value))}},d.addEventListener("message",d.wp.receiveEmbedMessage,!1),l.addEventListener("DOMContentLoaded",function(){for(var e,t,s=l.querySelectorAll("iframe.wp-embedded-content"),r=0;r<s.length;r++)(t=(e=s[r]).getAttribute("data-secret"))||(t=Math.random().toString(36).substring(2,12),e.src+="#?secret="+t,e.setAttribute("data-secret",t)),e.contentWindow.postMessage({message:"ready",secret:t},"*")},!1)))}(window,document);
//# sourceURL=https://www.silvereco.org/festival/fr/wp-includes/js/wp-embed.min.js
</script>

PLF Services «&nbsp;La Manodette&nbsp;» Nominé dans la catégorie : Aide aux aidants Le résumé du dossier de candidature : BIEN VIEILLIR CHEZ SOI Face à la double transition démographique et sociétale, l’accompagnement des personnes âgées et des adultes en situation de handicap vieillissants constitue un enjeu majeur pour les politiques publiques. Le centre La Manodette [&hellip;]
